n base 4?
-2303333232
What is -10101001001100010010111 (base 2) in base 9?
-11380046
What is -48659 (base 15) in base 8?
-703026
Convert 25270 (base 14) to base 10.
91042
-24320604 (base 7) to base 4
-20102210103
-69613 (base 12) to base 3
-21011012120
What is -174ac (base 13) in base 2?
-1010111011010110
What is -1100111011100100101110 (base 2) in base 14?
-643486
-6556444 (base 7) to base 2
-11000100010101111100
Convert -59372 (base 10) to base 4.
-32133230
Convert 1308175 (base 9) to base 3.
1100022012112
-9745a1 (base 12) to base 4
-21020011021
Convert 10022010022221 (base 3) to base 12.
707207
Convert 100464253 (base 7) to base 4.
112103232013
15922 (base 13) to base 3
2002101001
What is 45a4a (base 14) in base 15?
352e0
What is 2797367 (base 11) in base 6?
251045441
-20200112012 (base 3) to base 8
-401023
-1012113112 (base 4) to base 16
-465d6
What is -110d0b (base 14) in base 6?
-20223343
What is 130132 (base 8) in base 11?
30a12
Convert -2100112111110 (base 3) to base 15.
-19a833
What is -530301 (base 9) in base 16?
-4cf24
Convert 491a7a1 (base 11) to base 6.
503322552
11516091 (base 10) to base 3
210200002002220
What is 57b95 (base 16) in base 13?
c771a
What is 376b2 (base 14) in base 5?
13321123
23333 (base 12) to base 14
13263
What is d7f9 (base 16) in base 12?
27bb5
What is 32031120112 (base 4) in base 10?
3724822
175155 (base 10) to base 15
36d70
-2031000 (base 6) to base 3
-11221122000
-3321023 (base 6) to base 3
-22102212120
What is -532205 (base 8) in base 5?
-21133120
What is 10011111111100111111 (base 2) in base 7?
5366052
What is -d4d962 (base 14) in base 10?
-7182898
What is 400d1 (base 15) in base 8?
613710
Convert 1302033302 (base 4) to base 12.
1a6982
What is -74935 (base 15) in base 7?
-3100400
What is -83c56 (base 15) in base 10?
-417906
-21101211 (base 4) to base 13
-143a3
What is -225176 (base 10) in base 13?
-7b653
-2231165 (base 7) to base 13
-98b55
Convert -755502 (base 8) to base 4.
-331231002
What is -54000446 (base 7) in base 4?
-101200033331
8533 (base 12) to base 11
aa58
-1142706 (base 8) to base 7
-2441610
What is 309aa7 (base 12) in base 13?
209758
Convert -307552 (base 10) to base 8.
-1130540
-20434441 (base 5) to base 10
-171246
52a770 (base 11) to base 13
239441
What is 248855 (base 10) in base 9?
418325
What is 384e11 (base 16) in base 2?
1110000100111000010001
11011101101010110000001 (base 2) to base 15
9872b2
-1360033 (base 9) to base 7
-6233466
What is -72182 (base 9) in base 13?
-1883c
What is -6158305 (base 10) in base 3?
-102120212121101
What is -37335 (base 13) in base 15?
-20193
Convert 1745427 (base 8) to base 11.
319802
1102231323 (base 5) to base 14
4607c6
Convert 110010111100100000101 (base 2) to base 10.
1669381
Convert -2260927 (base 10) to base 13.
-612136
Convert 243232014 (base 5) to base 2.
100011000100001010001
101000010001101011101 (base 2) to base 11
821624
Convert -50c70 (base 15) to base 9.
-430056
What is -1633177 (base 9) in base 6?
-31242324
Convert -1594810 (base 10) to base 15.
-21780a
What is -31132200322 (base 4) in base 11?
-1aa331a
Convert -43322223 (base 5) to base 15.
-74ac8
-52856 (base 11) to base 8
-226140
What is c391 (base 13) in base 5?
1330424
Convert 120114321 (base 5) to base 8.
2064453
Convert 327870 (base 9) to base 4.
233313303
Convert 534153 (base 6) to base 4.
22222311
Convert 445010 (base 8) to base 2.
100100101000001000
26303241 (base 7) to base 12
97b639
201112022001 (base 3) to base 6
12123344
What is 11321153 (base 6) in base 3?
122220221120
-3c164 (base 16) to base 10
-246116
Convert 2200123 (base 6) to base 5.
11441130
What is 20f438 (base 16) in base 4?
20033100320
What is -51713626 (base 8) in base 9?
-22600246
What is -2353102 (base 7) in base 13?
-a600c
What is -223340322 (base 5) in base 14?
-1bd14d
Convert 1010222022 (base 3) to base 11.
15a68
Convert -2146c (base 15) to base 3.
-12100220010
896541 (base 14) to base 7
54442011
Convert 16056364 (base 9) to base 13.
1875613
Convert 426635 (base 9) to base 5.
31113320
What is -2b06 (base 16) in base 14?
-402a
-10410601 (base 7) to base 5
-212042332
What is 187528 (base 9) in base 3?
12221120222
Convert -163425 (base 7) to base 4.
-13323021
Convert 11407153 (base 8) to base 13.
694299
Convert -111000102020111 (base 3) to base 10.
-6916927
What is 102220212011220 (base 3) in base 13?
140a708
Convert 110100011110101110 (base 2) to base 11.
137557
What is a69c9 (base 14) in base 15?
7e42a
What is -43500540 (base 7) in base 13?
-a0855b
Convert -10030321131 (base 4) to base 5.
-240221110
-1112100220 (base 3) to base 14
-adc0
Convert b30493 (base 12) to base 13.
770643
Convert -62028 (base 9) to base 14.
-10c5c
What is 154a35 (base 11) in base 4?
322302330
-2021133311 (base 4) to base 13
-169463
What is -100101000010001110 (base 2) in base 9?
-251068
What is 1307238 (base 9) in base 7?
6032210
What is 2000122011100 (base 3) in base 10?
1075392
110110010002 (base 3) to base 6
5130215
What is 102210101312 (base 4) in base 16?
4a4476
What is -5406a7 (base 12) in base 9?
-2443721
417748 (base 10) to base 12
181904
1453203 (base 6) to base 12
41203
Convert ebd0 (base 15) to base 3.
2112110220
100000100111110011011 (base 2) to base 10
1068955
What is 22221222120000 (base 3) in base 11?
2763536
-52614 (base 8) to base 6
-245220
-1101012111010 (base 3) to base 11
-460190
-17545244 (base 8) to base 3
-21202001212102
What is 14341 (base 16) in base 9?
135457
What is 38a4232 (base 11) in base 2?
11001110001001100011110
-ab137e (base 16) to base 14
-16bbc3c
-5153737 (base 10) to base 15
-6bc077
1321a (base 16) to base 6
1402442
Convert -133223101 (base 4) to base 6.
-2440401
Convert -110010101101111 (base 2) to base 11.
-18567
Convert -8c605 (base 13) to base 2.
-111110011101111111
c01b (base 13) to base 8
63424
Convert 2025355 (base 6) to base 5.
11102002
What is -1a2a4 (base 13) in base 3?
-2120222000
Convert -259986 (base 11) to base 2.
-1100011101110010101
What is -8a0381 (base 11) in base 9?
-2626734
What is -34526 (base 13) in base 4?
-113101310
What is -568c (base 14) in base 2?
-11101010101100
What is -278467 (base 9) in base 14?
-46082
What is 20102530 (base 6) in base 13?
16b879
14731 (base 16) to base 4
110130301
What is -20211232 (base 4) in base 11?
-24484
-471176 (base 9) to base 7
-2256036
43230362 (base 7) to base 6
211014355
-23e20f (base 16) to base 11
-13668a7
Convert 2077967 (base 12) to base 8.
27305637
313034333 (base 5) to base 4
10331032033
What is 12455051 (base 6) in base 2?
1100100100100100111
Convert 1691081 (base 10) to base 8.
6346711
201100022012 (base 3) to base 13
104402
-2212231112 (base 4) to base 2
-10100110101101010110
2335220 (base 6) to base 9
204833
What is f7e4 (base 16) in base 3?
10020001101
882a03 (base 14) to base 16
46749b
Convert 201fd0 (base 16) to base 9.
3857827
-14021322 (base 5) to base 10
-142087
Convert 13b7597 (base 12) to base 7.
45526366
Convert 75c59 (base 15) to base 6.
12003350
Convert 10111101110100101010 (base 2) to base 12.
315b4a
What is -ba155a (base 13) in base 3?
-22020011120010
Convert -43997 (base 12) to base 3.
-11112211021
What is -7dd34 (base 14) in base 12?
-129922
2794c (base 15) to base 4
132333330
What is -6703637 (base 8) in base 13?
-4b228c
What is 750744 (base 8) in base 15?
4e295
-19753 (base 12) to base 15
-b109
-100110100111111001100 (base 2) to base 6
-43043152
423b34 (base 12) to base 5
231343413
Convert 6de160 (base 15) to base 16.
504a74
-431320233 (base 5) to base 13
-4bab18
What is -10111001000110010 (base 2) in base 4?
-113020302
Convert -1031210002 (base 4) to base 10.
-317698
What is -120012132311 (base 4) in base 3?
-102212222200012
Convert 1166be (base 16) to base 2.
100010110011010111110
Convert 350135335 (base 6) to base 7.
105556520
What is -11301002302 (base 4) in base 12?
-60a92a
Convert b7a13 (base 12) to base 16.
3afef
Convert 78a94 (base 12) to base 15.
3286d
-141231131 (base 5) to base 16
-b1801
Convert 11044431 (base 5) to base 4.
113221202
What is -10981b9 (base 12) in base 6?
-152145153
What is 31220530 (base 6) in base 8?
3347146
What is 473946 (base 12) in base 15?
179cc9
-21a5311 (base 12) to base 3
-110010001020111
What is 3442341121 (base 5) in base 8?
35526575
626140 (base 9) to base 13
100383
What is